q**2 + 7*q + 2. Let s(i) = 3*i**2 - 8*i - 2. Let h(p) = -3*s(p) - 4*t(p). Suppose 4*k + 23 = -3*b, 0*k + 3 = -k + 2*b. Calculate h(k).
-7
Suppose -2*p = -0*p - 8. Let d(a) = 1 - a**3 + p*a**2 - 5*a**2 - 2*a + 1 + 3*a**2. What is d(2)?
-2
Let u(a) be the first derivative of -a**4/4 - 2*a**3/3 + 2*a**2 - 5*a + 5. Calculate u(-4).
11
Let z(l) = 11 - 8*l - 1 - 4*l**2 + 3*l**2 - 8. What is z(-6)?
14
Let u(p) = p**3 - 6*p**2 + 8*p - 3. Suppose -7*c = -30 - 5. Determine u(c).
12
Let t(s) = -5*s - 2. Let q(r) = -4*r - 2. Let d(k) = -4*q(k) + 3*t(k). Let f be (-8)/44 + (-26)/(-22). Let x = f - -3. Determine d(x).
6
Let r(m) = -m + 0 + 2 + 0. What is r(-5)?
7
Suppose 0 = -4*n + 29 + 3. Let j(y) = -y**3 - 17*y**2 + 12*y**2 + n*y + 7 - 2*y. What is j(-6)?
7
Let a(j) = 1. Let l(c) = c**3 - 4*c**2 - c - 2. Let y(v) = 2*a(v) + l(v). What is y(4)?
-4
Let v = 2 + 2. Let o = 20 - 19. Let t(m) = m**2 - o - m + v + 0*m. Calculate t(0).
3
Let g(t) = -t. Let b be (-2 - -1) + 4 - 1. Suppose -5*k + 11 = -4*q, -3*q = -7*k + b*k + 7. What is g(q)?
4
Let o = -24 - -24. Let d(r) = r**2 + 8. What is d(o)?
8
Let g(b) = -b**2 - 4*b + 7. Let j be g(-6). Let l(y) = -3 - 4*y - y**2 + 6 + 0*y + 0*y. Give l(j).
-2
Let v(a) = a**3 - 3*a**2 + 1. Let g(r) = r + 4. Let j be g(-4). Suppose j = -h - 1 + 2. Suppose -3*b - 4*d = -h, 10 = b - 3*d + 1. Give v(b).
1
Let r(w) = w**2 - 6*w - 4. Suppose s + 3 = 5*l, -s - 5*l + 5 = -6*l. Calculate r(s).
3
Let q(x) = x**3 + 5*x**2 - 5*x. Suppose -3*j - 3*d = 18, -j - 3 = 2*d + 3. Determine q(j).
-6
Let z(k) = k**2 - 4*k - 7. Suppose 4*i - 2*p - 32 = p, 5*i - 5*p = 45. Let m be z(i). Let v(c) = c**3 + 4*c**2 + 2*c + 1. What is v(m)?
5
Let d(w) = -w**3 - 2*w**2 + w + 1. Let b be 2/6*(11 + 4). Suppose -5*l - 6 = g, b*l + g + 7 = -g. Determine d(l).
-1
Suppose -5*o + 0 = 10. Let f be (o/(-3))/(2/6). Suppose -k - f = k. Let i(m) = -6*m. Give i(k).
6
Suppose -4*k + 2*h + 22 = -h, -4*h + 4 = 3*k. Let a(y) = y**3 - 3*y**2 - 5*y + 4. Give a(k).
0
Let i(s) be the first derivative of -s**3/3 - 2*s**2 - 4*s - 9. Let w(z) = z**2 - 9*z + 9. Let k be w(7). What is i(k)?
-9
Let n be (-23)/(-4) - 2/(-8). Let x(j) = 8*j - 4. Let g(i) = -4*i + 2. Let q(k) = n*x(k) + 11*g(k). Let u(d) = 4*d - 2. Let h be u(1). Determine q(h).
6
Let p(u) = u**3 - 5*u**2 + 2*u - 3. Let j be p(5). Let r = j + -5. Let v(n) = 12 - 8 + 5*n**2 + n**3 + n**r. Give v(-6).
4
Let y(v) = -3 + 0*v + 2 - 2*v - 3. Let z be (0 - -1) + (-1 - -6). Let g = 3 - z. What is y(g)?
2
Let a be ((-10)/15)/((-4)/(-6)) - 1. Let j(z) = -z**3 + 2*z**2 - z - 2. Determine j(a).
16
Let x(j) = 3*j**3 - 2*j**2 - 2*j - 3. Let s(l) = 4*l**3 - 2*l**2 - 3*l - 3. Let h(f) = -4*s(f) + 5*x(f). Calculate h(-3).
0
Let t(n) = -n**3 + 4*n**2 + n - 2. Let a = -18 + 8. Let i be -12*(3 + a/3). Give t(i).
2
Suppose -2*i + 5*i = 3. Let z(o) be the third derivative of -o**4/24 + o**3/6 + 4*o**2. Determine z(i).
0
Let q(l) = -2 - 6*l**2 - l - 2*l**3 + l**3 + l**2. Let n(u) = -2*u + 31. Let j be n(18). Give q(j).
3
Let n(m) = m**3 - m. Suppose -5*t + 15 = 5. Suppose t*b = 4*b. Determine n(b).
0
Let s(w) = w + 5. Let u(j) = -j**2 - 4*j + 15. Let h be u(-7). Determine s(h).
-1
Let i(u) = -u + 4. Suppose -9 = -y + 4*y, 2*y = -3*l. Suppose q + p = l*p + 1, p - 5 = -q. What is i(q)?
1
Let i(l) = -l + 3. Let m be (2/6)/((-3)/(-27)). What is i(m)?
0
Let y(c) = -c - 5. Let b be y(-7). Suppose 0 = -2*s - b*s. Let t(m) = m**3 - m**2 - m + 2. Determine t(s).
2
Let w(t) = 1 + 7 - 2 - 7 + 6*t. Let r(h) = -h**3 + 7*h**2 + 7*h + 9. Let c be r(8). Determine w(c).
5
Let o(w) = w**3 - 5*w. Let m(k) = -k**3 - k**2 + 5*k. Let i(s) = -4*m(s) - 3*o(s). Calculate i(-5).
0
Let x be (-10 - -2)*4/(-8). Let s(m) = -3*m - 2*m**3 - m + m**3 - 4*m**2 - x. Give s(-4).
12
Let u be ((-40)/(-6))/(3/9). Suppose -4*j - 3*k + 6*k = -15, -4*k = j + u. Let p(c) = -3*c + 4*c + 1 - 6 + c**2. What is p(j)?
-5
Let o(l) = -l**2 + 3*l + 4. Suppose 0 = 3*q - 36 - 72. Let u be (2/6)/(4/q). Calculate o(u).
4
Let h(g) = 7*g - 3. Let y(s) = 20*s - 8. Let l(i) = -17*h(i) + 6*y(i). Let j be l(2). Let d(r) = -4*r**3 + 4*r**2 + 0*r**3 + 2 + 3*r**3 + 4*r. What is d(j)?
-3
Let g(n) be the third derivative of 1/120*n**5 + 1/12*n**4 - 2*n**2 + 1/3*n**3 + 0*n + 0. Let h(m) be the first derivative of g(m). Calculate h(0).
2
Let r(s) = 3*s**3 - 8*s**2 + 4. Let f(v) = 4*v**3 - 9*v**2 + 4. Let o(l) = 2*f(l) - 3*r(l). Let u = 16 - 10. Give o(u).
-4
Let h(f) = f**3 + 3*f**2 - 3*f. Let o(t) be the second derivative of -1/10*t**5 + 0 + 1/3*t**4 - 2*t + 0*t**2 - 1/3*t**3. Let b be o(2). Give h(b).
-4
Let h = 9 - 2. Suppose -5*j = 5*g - 30, 2*j = 2*g - h*g. Suppose -2*a - 3 = -6*a - 5*x, 4*a = 2*x + j. Let c(f) = 2*f**3 - 2*f**2 + f - 2. Determine c(a).
8
Let f(n) = -3*n + 7. Let r = 18 + -13. What is f(r)?
-8
Suppose 25*q - 31 = -6. Let o(k) = -13*k**2 + 2. Let r(g) = -13*g**2 + 3. Let i(y) = -3*o(y) + 2*r(y). What is i(q)?
13
Let f(v) = v**2 + 8*v + 7. Let x be f(-6). Let t(c) be the third derivative of -c**5/60 - c**4/4 + c**3/3 + 4*c**2. Give t(x).
7
Let n(l) = 3*l + 1. Let f(s) = s**3 + 3*s**2 - 3*s + 3. Let d be f(-4). Calculate n(d).
-2
Let d(p) = -p**2 + 4*p + 5. Let i be 1 - 3 - (4 + -13). Suppose -n = i - 39. Suppose -4*q = -5*x + n, 2*q + 6 = -0. Determine d(x).
5
Let b(z) = 10*z - 5*z - 3 - 6*z + 2*z. Give b(-6).
-9
Let o be (4/(-3))/((-2)/3). Let h(b) = 8 - 4 - 7*b + b**o - 2 + 4. What is h(7)?
6
Let r(d) = -6*d + 1. Suppose n - 1 = -4*y - 7, 4*y = -5*n + 2. Let f be (6 + y)/(4/6). Let b be 25/10 + f/(-4). What is r(b)?
-5
Let t(s) = 3*s**2 + 5. Let b(o) = o**2 + o + 1. Let g(a) = 4*b(a) - t(a). Calculate g(-4).
-1
Let c(m) = -13*m**2 - 4*m. Let s(n) = -3*n**2. Let i(b) = c(b) - 4*s(b). Suppose 0*h = -2*h + 4. Suppose -2*f - 4 = h. Determine i(f).
3
Suppose h = 2*k + 6, -3*h + h - k + 7 = 0. Let y = h - 0. Let t(n) = -y*n - 1 + n**3 + 1 - 2*n + 4*n**2. Calculate t(-5).
5
Let t = -3 + 5. Suppose t*s - 4 - 6 = 0. Let x(c) = -4*c**2 + 4*c. Let g(a) = -7*a**2 + 8*a + 1. Let y(w) = 3*g(w) - 5*x(w). Calculate y(s).
-2
Let o(y) be the first derivative of y + 1 - 1/2*y**2. Let f be 2/(-3) - 16/(-6). What is o(f)?
-1
Let w(c) = -3*c - 1. Let v(n) = 4*n + 2. Let z(g) = 2*g - 1. Let j be z(2). Let f(b) = j*w(b) + 2*v(b). Determine f(-3).
4
Suppose 1 = 5*d + j, 0 = j - 0*j - 1. Let v(a) = a**3 + a**2 - 10. What is v(d)?
-10
Let f(b) be the first derivative of -1/12*b**4 - 3*b - 3 + 5/2*b**2 + 1/6*b**3. Let v(u) be the first derivative of f(u). Give v(0).
5
Let b(c) = -c - 4. Suppose u = -11 - 0. Let a = 11 + u. Calculate b(a).
-4
Let u(s) = s**3 + s**2 + s - 3. Let q(f) = -f**2 - 9*f - 14. Let o be q(-7). Determine u(o).
-3
Let m(z) = -z + 3. Let y be -15*(52/(-20) + 1). Suppose 5*o - y + 9 = 0. What is m(o)?
0
Let r(c) = 4*c + 0 - 3*c - 1 - 3. What is r(5)?
1
Let h(w) be the third derivative of w**5/60 - w**4/24 - w**3/3 - w**2. Suppose -5*p - 22 = -a, -a - 5*p = -0*a + 18. Determine h(a).
0
Let y(h) = -h**2 + 3*h + 5. Let b(w) = w**2 - 2*w - 5. Let q(a) = 2*b(a) + 3*y(a). What is q(7)?
-9
Let f(l) = 0*l**2 + 0*l**2 - 11*l**3 + 1. Let w = 83 + -84. What is f(w)?
12
Let a(q) = q**2 + 4*q - 3. Suppose -o - 3*o = 16. Determine a(o).
-3
Suppose -5*s = -6*s + 2. Let r(i) be the first derivative of i**4/4 - i**3/3 + i**2/2 + i - 2. Determine r(s).
7
Suppose 4*g - 23 = -3. Suppose -u = -g*q - 22, -u = 2*q + 2*q + 14. Let w(z) = -u + 4 - 1 + 3*z**2. Determine w(1).
4
Suppose 4*c - 3 = -k - 11, -k = -2*c - 10. Let h(n) = n**3 + 5*n**2 + n + 6. Let v be h(-5). Let m(g) = -4*g**2 + v - 5 + g**3 + 0. Determine m(k).
-4
Let y(o) = o**3 + 7*o**2 + 6*o + 2. Let m be y(-6). Let x(c) = 1 + 7 + m + c - 5. Let d be 5*(-1 - (-1 - -1)). Calculate x(d).
0
Let f(g) = -7*g**3 - g. Suppose 3*t = -t. Let x be 2 + ((-6)/(-2) - t). Suppose -x = 3*p + 2*p. Calculate f(p).
8
Let h(w) = 0*w**2 - 5*w - 2 + w + w - 2*w**3 - 2*w**2. What is h(-1)?
1
Let t(h) = -39 + h + 38 + 6*h**2 + 0*h. Calculate t(1).
6
Let i(g) = g**2 - 3*g - 12. Let j be i(6). Let l(r) = r**2 - 9*r + 5. Calculate l(j).
-13
Suppose 2*s - 4*s = 0, -3*q - 3*s + 6 = 0. Suppose w - 3 = q*w. Let b = 7 + w. Let k(c) = -c**3 + 4*c**2 - c + 5. Give k(b).
1
Let g(o) = 1 + 298*o + 2*o**3 + 6*o**2 - o**3 - 305*o. Calculate g(-7).
1
Let h be 2/(-3)*(-3)/1. Let n(s) = 6